{"id":317,"date":"2017-01-13T16:28:31","date_gmt":"2017-01-13T15:28:31","guid":{"rendered":"http:\/\/movebs.spargel-express.de\/?page_id=317"},"modified":"2017-03-16T21:49:16","modified_gmt":"2017-03-16T20:49:16","slug":"helmstedter-strasse-rautheim","status":"publish","type":"page","link":"https:\/\/movebs.de\/?page_id=317","title":{"rendered":"Helmstedter Str. &#8211; Rautheim"},"content":{"rendered":"<p>Die sogenannte Rautheimbahn ist die Verl\u00e4ngerung der Stadtbahnstrecke entlang der Helmstedter Stra\u00dfe. Sie f\u00fchrt vom Hauptfriedhof kommend \u00fcber die Autobahn A 39 entlang der ehemaligen Heinrich-der-L\u00f6we-Kaserne nach S\u00fcdosten, wo sie westlich an Rautheim vorbei bis in den Ort hinein f\u00fchrt<\/p>\n<p>Die Rautheimer Stra\u00dfe f\u00fchrt entlang der Heinrich-der-L\u00f6we-Kaserne von Norden nach S\u00fcden und verbindet die Stadtteile Rautheim und Lindenberg mit der Helmstedter Stra\u00dfe. Aktuell ist nur ein einseitiger, in schlechtem Zustand befindlicher Gehweg vorhanden, Radfahrer nutzen die Fahrbahn, welche ebenfalls in schlechtem Zustand ist. Die Bebauung ist auf beiden Seiten der Stra\u00dfe von der Stra\u00dfe abgewandt und nicht in der Lage dem Raum eine Qualit\u00e4t zu geben.<\/p>\n<p><a href=\"https:\/\/www.google.de\/maps\/@52.2479,10.5724903,18.29z\" target=\"_blank\">Position bei google maps<\/a><\/p>\n<div id=\"attachment_298\" style=\"width: 854px\" class=\"wp-caption aligncenter\"><a href=\"http:\/\/movebs.de\/wp-content\/uploads\/2017\/01\/Rautheim-Planung.jpg\"><img loading=\"lazy\" decoding=\"async\" aria-describedby=\"caption-attachment-298\" class=\"wp-image-298 size-full\" src=\"http:\/\/movebs.de\/wp-content\/uploads\/2017\/01\/Rautheim-Planung.jpg\" alt=\"Visualisierung \u201eVision Stadtbahnausbau\u201c\" width=\"844\" height=\"800\" srcset=\"https:\/\/movebs.de\/wp-content\/uploads\/2017\/01\/Rautheim-Planung.jpg 844w, https:\/\/movebs.de\/wp-content\/uploads\/2017\/01\/Rautheim-Planung-300x284.jpg 300w\" sizes=\"auto, (max-width: 844px) 100vw, 844px\" \/><\/a><p id=\"caption-attachment-298\" class=\"wp-caption-text\">Visualisierung \u201eVision Stadtbahnausbau\u201c<\/p><\/div>\n<div id=\"attachment_297\" style=\"width: 854px\" class=\"wp-caption aligncenter\"><a href=\"http:\/\/movebs.de\/wp-content\/uploads\/2017\/01\/Rautheim-Bestand.jpg\"><img loading=\"lazy\" decoding=\"async\" aria-describedby=\"caption-attachment-297\" class=\"wp-image-297 size-full\" src=\"http:\/\/movebs.de\/wp-content\/uploads\/2017\/01\/Rautheim-Bestand.jpg\" alt=\"Blick in die Stra\u00dfe heute\" width=\"844\" height=\"800\" srcset=\"https:\/\/movebs.de\/wp-content\/uploads\/2017\/01\/Rautheim-Bestand.jpg 844w, https:\/\/movebs.de\/wp-content\/uploads\/2017\/01\/Rautheim-Bestand-300x284.jpg 300w\" sizes=\"auto, (max-width: 844px) 100vw, 844px\" \/><\/a><p id=\"caption-attachment-297\" class=\"wp-caption-text\">Blick in die Stra\u00dfe heute<\/p><\/div>\n<p>Wir schlagen vor, die Stadtbahn auf der Ostseite der Stra\u00dfe auf einem besonderen Gleisk\u00f6rper fahren zu lassen. Sie steht so nicht im Stau und bringt die Rautheimer und Lindenberger schnell in die Stadt. Die Fahrbahn wird ein St\u00fcck weit nach Osten verschoben, damit auf der Westseite Platz f\u00fcr einen Gehweg, einen Radweg und den bestehenden Graben entsteht. Zwischen Stadtbahntrasse und Fahrbahn sollte gen\u00fcgend Platz eingeplant werden, um einen Gr\u00fcnstreifen mit B\u00e4umen anlegen zu k\u00f6nnen. Die Stra\u00dfe wird durch die Baumpflanzungen aufgewertet und so ein Zusammenhang zur bereits mit B\u00e4umen bestandenen Rautheimer Stra\u00dfe weiter s\u00fcdlich geschaffen. Auf der Ostseite sollte ein Gehweg und ein Radweg angelegt werden, die direkt an das neue Baugebiet Heinrich-der-L\u00f6we-Kaserne grenzt. Die durch den Kraftfahrzeugverkehr notwendige L\u00e4rmschutzwand sollte optisch durch eine Hecke oder einen Bewuchs mit Efeu o. \u00c4. verdeckt werden. Die dahinter liegenden G\u00e4rten sollten durch Gartentore einen Zugang zur Rautheimer Stra\u00dfe erhalten, damit die Stra\u00dfe auch vom Fu\u00dfg\u00e4ngerverkehr angenommen und belebt wird.<\/p>\n","protected":false},"excerpt":{"rendered":"<p>Die sogenannte Rautheimbahn ist die Verl\u00e4ngerung der Stadtbahnstrecke entlang der Helmstedter Stra\u00dfe. Sie f\u00fchrt vom Hauptfriedhof kommend \u00fcber die Autobahn A 39 entlang der ehemaligen Heinrich-der-L\u00f6we-Kaserne nach S\u00fcdosten, wo sie westlich an Rautheim vorbei bis in den Ort hinein f\u00fchrt &hellip; <a href=\"https:\/\/movebs.de\/?page_id=317\">Weiterlesen <span class=\"meta-nav\">&rarr;<\/span><\/a><\/p>\n","protected":false},"author":2,"featured_media":0,"parent":279,"menu_order":0,"comment_status":"closed","ping_status":"closed","template":"","meta":{"footnotes":""},"class_list":["post-317","page","type-page","status-publish","hentry"],"post_mailing_queue_ids":[],"_links":{"self":[{"href":"https:\/\/movebs.de\/index.php?rest_route=\/wp\/v2\/pages\/317","targetHints":{"allow":["GET"]}}],"collection":[{"href":"https:\/\/movebs.de\/index.php?rest_route=\/wp\/v2\/pages"}],"about":[{"href":"https:\/\/movebs.de\/index.php?rest_route=\/wp\/v2\/types\/page"}],"author":[{"embeddable":true,"href":"https:\/\/movebs.de\/index.php?rest_route=\/wp\/v2\/users\/2"}],"replies":[{"embeddable":true,"href":"https:\/\/movebs.de\/index.php?rest_route=%2Fwp%2Fv2%2Fcomments&post=317"}],"version-history":[{"count":3,"href":"https:\/\/movebs.de\/index.php?rest_route=\/wp\/v2\/pages\/317\/revisions"}],"predecessor-version":[{"id":415,"href":"https:\/\/movebs.de\/index.php?rest_route=\/wp\/v2\/pages\/317\/revisions\/415"}],"up":[{"embeddable":true,"href":"https:\/\/movebs.de\/index.php?rest_route=\/wp\/v2\/pages\/279"}],"wp:attachment":[{"href":"https:\/\/movebs.de\/index.php?rest_route=%2Fwp%2Fv2%2Fmedia&parent=317"}],"curies":[{"name":"wp","href":"https:\/\/api.w.org\/{rel}","templated":true}]}}