{"id":2,"date":"2014-09-05T04:41:07","date_gmt":"2014-09-05T04:41:07","guid":{"rendered":"http:\/\/localhost\/wordpress-4.0\/wordpress\/?page_id=2"},"modified":"2022-11-24T21:41:10","modified_gmt":"2022-11-24T20:41:10","slug":"sample-page","status":"publish","type":"page","link":"https:\/\/movebs.de\/?page_id=2","title":{"rendered":"Wer sind wir?"},"content":{"rendered":"<p style=\"text-align: center;\"><strong>MoVeBs<\/strong> ist ein Aktionsb\u00fcndnis zur Verbesserung von <strong>Mo<\/strong>bilit\u00e4t und <strong>Ve<\/strong>rkehr in <strong>Braunschweig<\/strong>.<\/p>\n<p style=\"text-align: center;\"><em>Wir setzten uns f\u00fcr eine F\u00f6rderung umweltfreundlicher Verkehrsmittel ein.<\/em><\/p>\n<p>Dies betrifft beispielsweise:<img loading=\"lazy\" decoding=\"async\" class=\"alignright\" src=\"http:\/\/www.bs-forum.de\/wb\/media\/AG_Nahverkehr\/Stoeckheim_M1_sued.jpg\" alt=\"\" width=\"274\" height=\"201\" \/><\/p>\n<ul>\n<li>Ausbau des Stra\u00dfenbahnnetzes<\/li>\n<li>Beschleunigung der Stra\u00dfenbahn durch bessere Ampelschaltungen und Gleisanlagen<\/li>\n<li>Optimierung der Fahrpl\u00e4ne und Linienverl\u00e4ufe von Bahnen und Bussen<\/li>\n<li>Verbesserung der Verkn\u00fcpfung von Fahrradverkehr und \u00d6PNV<\/li>\n<\/ul>\n<p style=\"text-align: center;\">Wir m\u00f6chten hierbei auch als Bindeglied zwischen Politik, Verkehrs-GmbH und Bev\u00f6lkerung dienen.<\/p>\n<hr \/>\n<p style=\"text-align: center;\"><em>Wer steht hinter MoVeBs?<\/em><\/p>\n<p style=\"text-align: center;\">Das Aktionsb\u00fcndnis besteht aus Aktivisten\/innen aus unterschiedlichen Bereichen, mit Fachwissen im Bereich \u00d6PNV-, Verkehrs- und Stadtplanung sowie Umwelt- und Klimaschutz. Wir sind dem Umweltzentrum Braunschweig angegliedert.<\/p>\n<p style=\"text-align: center;\"><a href=\"http:\/\/www.umweltzentrum-braunschweig.de\/\" target=\"_blank\" rel=\"noopener noreferrer\"><img loading=\"lazy\" decoding=\"async\" src=\"http:\/\/www.bs-forum.de\/wb\/media\/MoVeBS\/Logo_UWZ.jpg\" alt=\"\" width=\"162\" height=\"115\" \/><\/a><\/p>\n","protected":false},"excerpt":{"rendered":"<p>MoVeBs ist ein Aktionsb\u00fcndnis zur Verbesserung von Mobilit\u00e4t und Verkehr in Braunschweig. Wir setzten uns f\u00fcr eine F\u00f6rderung umweltfreundlicher Verkehrsmittel ein. Dies betrifft beispielsweise: Ausbau des Stra\u00dfenbahnnetzes Beschleunigung der Stra\u00dfenbahn durch bessere Ampelschaltungen und Gleisanlagen Optimierung der Fahrpl\u00e4ne und Linienverl\u00e4ufe &hellip; <a href=\"https:\/\/movebs.de\/?page_id=2\">Weiterlesen <span class=\"meta-nav\">&rarr;<\/span><\/a><\/p>\n","protected":false},"author":1,"featured_media":0,"parent":0,"menu_order":0,"comment_status":"closed","ping_status":"closed","template":"","meta":{"footnotes":""},"class_list":["post-2","page","type-page","status-publish","hentry"],"post_mailing_queue_ids":[],"_links":{"self":[{"href":"https:\/\/movebs.de\/index.php?rest_route=\/wp\/v2\/pages\/2","targetHints":{"allow":["GET"]}}],"collection":[{"href":"https:\/\/movebs.de\/index.php?rest_route=\/wp\/v2\/pages"}],"about":[{"href":"https:\/\/movebs.de\/index.php?rest_route=\/wp\/v2\/types\/page"}],"author":[{"embeddable":true,"href":"https:\/\/movebs.de\/index.php?rest_route=\/wp\/v2\/users\/1"}],"replies":[{"embeddable":true,"href":"https:\/\/movebs.de\/index.php?rest_route=%2Fwp%2Fv2%2Fcomments&post=2"}],"version-history":[{"count":10,"href":"https:\/\/movebs.de\/index.php?rest_route=\/wp\/v2\/pages\/2\/revisions"}],"predecessor-version":[{"id":687,"href":"https:\/\/movebs.de\/index.php?rest_route=\/wp\/v2\/pages\/2\/revisions\/687"}],"wp:attachment":[{"href":"https:\/\/movebs.de\/index.php?rest_route=%2Fwp%2Fv2%2Fmedia&parent=2"}],"curies":[{"name":"wp","href":"https:\/\/api.w.org\/{rel}","templated":true}]}}