

{"id":112,"date":"2015-02-21T16:53:14","date_gmt":"2015-02-21T15:53:14","guid":{"rendered":"http:\/\/movebs.spargel-express.de\/?page_id=112"},"modified":"2017-05-12T22:21:39","modified_gmt":"2017-05-12T20:21:39","slug":"lehndorf-kanzlerfeldlamme","status":"publish","type":"page","link":"https:\/\/movebs.de\/?page_id=112","title":{"rendered":"Lehndorf &#8211; Kanzlerfeld\/Lamme"},"content":{"rendered":"<p><a href=\"http:\/\/movebs.de\/wp-content\/uploads\/2014\/10\/lehndorf_gross.png\"><img loading=\"lazy\" decoding=\"async\" class=\"alignright wp-image-63 size-medium\" src=\"http:\/\/movebs.de\/wp-content\/uploads\/2014\/10\/lehndorf_gross-274x300.png\" alt=\"lehndorf_gross\" width=\"274\" height=\"300\" srcset=\"https:\/\/movebs.de\/wp-content\/uploads\/2014\/10\/lehndorf_gross-274x300.png 274w, https:\/\/movebs.de\/wp-content\/uploads\/2014\/10\/lehndorf_gross.png 648w\" sizes=\"auto, (max-width: 274px) 100vw, 274px\" \/><\/a>Eine Strecke vom Radeklint \u00fcber Lehndorf nach Kanzlerfeld und Lamme schlie\u00dft ca. 29.100 Einwohner an das Braunschweiger Stra\u00dfenbahnnetz an.<\/p>\n<p>Die Herausforderung hierbei ist, die Trassen so zu w\u00e4hlen, dass m\u00f6glichst viele Einwohner\/innen von ihr profitieren. Entsprechen wichtig ist die Anbindung von Petritor Ost, das Umfeld der Haltestelle Petristra\u00dfe sowie der Rudolfplatz. Auch das Eichtal und das Klinikum Celler Stra\u00dfe sind Ziel vieler Fahrg\u00e4ste.<\/p>\n<p>Daher schlagen wir vom Radeklint kommend zwei sich erg\u00e4nzende Streckenf\u00fchrungen in Richtung Lehndorf vor:<br \/>\nDie erste Strecke ver\u00e4uft \u00fcber die Petristra\u00dfe (in Gegenrichtung Goslarsche Stra\u00dfe) zum Rudolfplatz, dann weiter \u00fcber die Hildesheimer Stra\u00dfe. Am Rudolfplatz bietet sich die Einrichtung einer Wendem\u00f6glichkeit (durch Umfahrung des H\u00e4userblocks) beispielsweise f\u00fcr Verst\u00e4rkerfahrten an.<br \/>\nDie zweite Strecke verl\u00e4uft vom Radeklint \u00fcber die Celler Stra\u00dfe bis zum Klinikum Celler Stra\u00dfe. Dann folgt die Strecke der ehemaligen Ringbahntrasse und m\u00fcndet an der ehemaligen Roggenm\u00fchle in die Hildesheimer Stra\u00dfe.<\/p>\n<p>Von hier verl\u00e4uft wieder eine gemeinsame Strecke \u00fcber die Saarstra\u00dfe weiter nach Lehndorf. Die Allee an der Saarstra\u00dfe bleibt erhalten; wir setzten uns f\u00fcr eine F\u00fchrung der Stra\u00dfenbahn in der bestehenden Stra\u00dfe ein! Dass dies entgegen der Aussage einiger Gegner gut m\u00f6glich ist, zeigt die nachfolgende Zeichnung:<\/p>\n<p><a href=\"http:\/\/movebs.de\/wp-content\/uploads\/2015\/02\/Planungsquerschnitt-Saarbrueckener_Strasze-20150113-01.jpg\" target=\"_blank\"><img loading=\"lazy\" decoding=\"async\" class=\"aligncenter wp-image-104 size-medium\" src=\"http:\/\/movebs.de\/wp-content\/uploads\/2015\/02\/Planungsquerschnitt-Saarbrueckener_Strasze-20150113-01-212x300.jpg\" alt=\"Planungsquerschnitt-Saarbrueckener_Strasze-20150113-01\" width=\"212\" height=\"300\" srcset=\"https:\/\/movebs.de\/wp-content\/uploads\/2015\/02\/Planungsquerschnitt-Saarbrueckener_Strasze-20150113-01-212x300.jpg 212w, https:\/\/movebs.de\/wp-content\/uploads\/2015\/02\/Planungsquerschnitt-Saarbrueckener_Strasze-20150113-01-724x1024.jpg 724w, https:\/\/movebs.de\/wp-content\/uploads\/2015\/02\/Planungsquerschnitt-Saarbrueckener_Strasze-20150113-01.jpg 1754w\" sizes=\"auto, (max-width: 212px) 100vw, 212px\" \/><\/a><\/p>\n<p>Am Saarplatz teilt sich die Strecke in die \u00c4ste nach Kanzlerfeld und Lamme. Als Streckenf\u00fchrung f\u00fcr den Lammer Ast haben wir die Neunkirchener Stra\u00dfe gew\u00e4hlt, da hier der geringste Anteil unbebautes Gebiet gequert wird und daher die meisten Menschen an die Bahn angeschlossen werden. In Richtung Kanzlerfeld verl\u00e4uft die Bahn ab H\u00f6he Saarbr\u00fcckener Stra\u00dfe auf der Nordseite der Bundesallee und endet am Johann-Heinrich von Th\u00fcnen Institut.<\/p>\n\n\n\t\t\t\t<div id=\"map_ol3js_1\" class=\"map undefined\" data-map_name=\"undefined\" data-map=\"map_ol3js_1\" style=\"width:100%; max-width:100%; height:450px; display:block; overflow:hidden;border:2px solid grey;\" >\n\t\t\t\t  <div id=\"map_ol3js_1_popup\" class=\"ol-popup\" >\n\t\t\t\t\t<a href=\"#\" id=\"map_ol3js_1_popup-closer\" class=\"ol-popup-closer\"><\/a>\n\t\t\t\t\t<div id=\"map_ol3js_1_popup-content\" ><\/div>\n\t\t\t\t  <\/div>\n\t\t\t\t<\/div>\n\t\t\t\n\n\t\t\t\t<script type=\"text\/javascript\">\n\t\t\t\t\ttranslations['openlayer'] = \"open layer\";\n\t\t\t\t\ttranslations['openlayerAtStartup'] = \"open layer at startup\";\n\t\t\t\t\ttranslations['generateLink'] = \"Der Link zur Karte mit ausgew\u00e4hlten Overlays und angezeigtem Ausschnitt\";\n\t\t\t\t\ttranslations['shortDescription'] = \"Kurzbeschreibung\";\n\t\t\t\t\ttranslations['generatedShortCode'] = \"to get a text control link paste this code in your wordpress editor\";\n\t\t\t\t\ttranslations['closeLayer'] = \"close layer\";\n\t\t\t\t\ttranslations['cantGenerateLink'] = \"put this string in the existing map short code to control this map\";\n\t\t\t  <\/script>\n\n\n\t\t\t  <script type=\"text\/javascript\">\n\t\t\t  vectorM['map_ol3js_1'] = [];\n\t        \n        var raster = getTileLayer(\"osm\",\"NoKey\");\t\t\t\n\n\t\t\t  var map_ol3js_1 = new ol.Map({\n\t\t\t\tinteractions: ol.interaction.defaults.defaults({mouseWheelZoom:false}),\n\t\t\t\tlayers: [raster],\n\t\t\t\ttarget: \"map_ol3js_1\",\n\t\t\t\tview: new ol.View({\n\t\t\t\t  center: ol.proj.transform([10.484,52.272], \"EPSG:4326\", \"EPSG:3857\"),\n\t\t\t\t  zoom: 13\n\t\t\t\t})\n\t\t\t  });\n\t\t\t  \n    var style0 = {\n      \"Point\": [new ol.style.Style({\n\n          image: new ol.style.Icon({\n            anchor: [0.5, 41],\n            anchorXUnits: \"fraction\",\n            anchorYUnits: \"pixels\",\n            opacity: 0.75,\n            src: \"https:\/\/movebs.de\/wp-content\/plugins\/osm\/icons\/mic_blue_pinother_02.png\"\n          })\n      })],\n\n      \"LineString\": [new ol.style.Style({\n        stroke: new ol.style.Stroke({\n          color: \"blue\",\n          width: 8\n        })\n      })],\n      \"MultiLineString\": [new ol.style.Style({\n        stroke: new ol.style.Stroke({\n          color: \"blue\",\n          width: 4\n        })\n      })]\n    };\n\t\t  var vectorL0 = new ol.layer.Vector({\n\t\t\t\tsource: new ol.source.Vector({\n\t\t\t\turl:\"..\/..\/..\/..\/wp-content\/uploads\/Karten\/Lehndorf.gpx\",\n\t\t\t\tformat: new ol.format.GPX({\n\t\t\t\t\textractStyles: false\n\t\t\t\t})\n\t\t\t}),\n\t\t\tzIndex: 92,\n\t\t\tstyle: function(feature, resolution) {return style0[feature.getGeometry().getType()];}\n\t\t  });\n\t\t  map_ol3js_1.addLayer(vectorL0);\n    var style1 = {\n      \"Point\": [new ol.style.Style({\n\n          image: new ol.style.Icon({\n            anchor: [0.5, 41],\n            anchorXUnits: \"fraction\",\n            anchorYUnits: \"pixels\",\n            opacity: 0.75,\n            src: \"https:\/\/movebs.de\/wp-content\/plugins\/osm\/icons\/mic_blue_pinother_02.png\"\n          })\n      })],\n\n      \"LineString\": [new ol.style.Style({\n        stroke: new ol.style.Stroke({\n          color: \" blue\",\n          width: 8\n        })\n      })],\n      \"MultiLineString\": [new ol.style.Style({\n        stroke: new ol.style.Stroke({\n          color: \" blue\",\n          width: 4\n        })\n      })]\n    };\n\t\t  var vectorL1 = new ol.layer.Vector({\n\t\t\t\tsource: new ol.source.Vector({\n\t\t\t\turl:\"..\/..\/..\/..\/wp-content\/uploads\/Karten\/Lamme.gpx\",\n\t\t\t\tformat: new ol.format.GPX({\n\t\t\t\t\textractStyles: false\n\t\t\t\t})\n\t\t\t}),\n\t\t\tzIndex: 92,\n\t\t\tstyle: function(feature, resolution) {return style1[feature.getGeometry().getType()];}\n\t\t  });\n\t\t  map_ol3js_1.addLayer(vectorL1);addControls2Map(map_ol3js_1,0,0,3,0,5,6,7,0,1);\nosm_addPopupClickhandler(map_ol3js_1,  \"map_ol3js_1\"); \nosm_addMouseHover(map_ol3js_1); <\/script>\n","protected":false},"excerpt":{"rendered":"<p>Eine Strecke vom Radeklint \u00fcber Lehndorf nach Kanzlerfeld und Lamme schlie\u00dft ca. 29.100 Einwohner an das Braunschweiger Stra\u00dfenbahnnetz an. Die Herausforderung hierbei ist, die Trassen so zu w\u00e4hlen, dass m\u00f6glichst viele Einwohner\/innen von ihr profitieren. Entsprechen wichtig ist die Anbindung &hellip; <a href=\"https:\/\/movebs.de\/?page_id=112\">Weiterlesen <span class=\"meta-nav\">&rarr;<\/span><\/a><\/p>\n","protected":false},"author":2,"featured_media":0,"parent":56,"menu_order":0,"comment_status":"closed","ping_status":"closed","template":"","meta":{"footnotes":""},"class_list":["post-112","page","type-page","status-publish","hentry"],"post_mailing_queue_ids":[],"_links":{"self":[{"href":"https:\/\/movebs.de\/index.php?rest_route=\/wp\/v2\/pages\/112","targetHints":{"allow":["GET"]}}],"collection":[{"href":"https:\/\/movebs.de\/index.php?rest_route=\/wp\/v2\/pages"}],"about":[{"href":"https:\/\/movebs.de\/index.php?rest_route=\/wp\/v2\/types\/page"}],"author":[{"embeddable":true,"href":"https:\/\/movebs.de\/index.php?rest_route=\/wp\/v2\/users\/2"}],"replies":[{"embeddable":true,"href":"https:\/\/movebs.de\/index.php?rest_route=%2Fwp%2Fv2%2Fcomments&post=112"}],"version-history":[{"count":10,"href":"https:\/\/movebs.de\/index.php?rest_route=\/wp\/v2\/pages\/112\/revisions"}],"predecessor-version":[{"id":425,"href":"https:\/\/movebs.de\/index.php?rest_route=\/wp\/v2\/pages\/112\/revisions\/425"}],"up":[{"embeddable":true,"href":"https:\/\/movebs.de\/index.php?rest_route=\/wp\/v2\/pages\/56"}],"wp:attachment":[{"href":"https:\/\/movebs.de\/index.php?rest_route=%2Fwp%2Fv2%2Fmedia&parent=112"}],"curies":[{"name":"wp","href":"https:\/\/api.w.org\/{rel}","templated":true}]}}